{"id":24,"date":"2021-03-18T12:47:18","date_gmt":"2021-03-18T11:47:18","guid":{"rendered":"http:\/\/dps-strumien.pl\/?page_id=24"},"modified":"2026-03-20T11:25:08","modified_gmt":"2026-03-20T10:25:08","slug":"zostan-aniolem","status":"publish","type":"page","link":"https:\/\/dps-strumien.pl\/index.php\/zostan-aniolem\/","title":{"rendered":"O Fundacji Zosta\u0144 Anio\u0142em"},"content":{"rendered":"<div class=\"wp-block-image is-resized\">\n<figure class=\"aligncenter size-large\"><img loading=\"lazy\" decoding=\"async\" width=\"1024\" height=\"753\" src=\"http:\/\/dps-strumien.pl\/wp-content\/uploads\/2021\/03\/zosani-et2-1024x753.png\" alt=\"\" class=\"wp-image-371\" srcset=\"https:\/\/dps-strumien.pl\/wp-content\/uploads\/2021\/03\/zosani-et2-1024x753.png 1024w, https:\/\/dps-strumien.pl\/wp-content\/uploads\/2021\/03\/zosani-et2-300x221.png 300w, https:\/\/dps-strumien.pl\/wp-content\/uploads\/2021\/03\/zosani-et2-768x565.png 768w, https:\/\/dps-strumien.pl\/wp-content\/uploads\/2021\/03\/zosani-et2.png 1360w\" sizes=\"auto, (max-width: 1024px) 100vw, 1024px\" \/><\/figure>\n<\/div>\n\n\n<p class=\"has-text-align-left\">Fundacja <strong>\u201eZosta\u0144 Anio\u0142em\u201d<\/strong> powsta\u0142a w 2020 roku w Strumieniu z inicjatywy w\u0142adz i pracownik\u00f3w DPS dla Dzieci w Strumieniu.<br><\/p>\n\n\n\n<p><strong>G\u0142\u00f3wne cele<\/strong> dzia\u0142alno\u015bci fundacji to m.in.:<\/p>\n\n\n\n<ul class=\"wp-block-list\">\n<li>Pomoc spo\u0142eczna, w tym pomocy rodzinom i osobom w trudnej sytuacji \u017cyciowej oraz wyr\u00f3wnywania szans tych rodzin.<\/li>\n\n\n\n<li>Dzia\u0142alno\u015b\u0107 na rzecz integracji i reintegracji zawodowej i spo\u0142ecznej os\u00f3b zagro\u017conych wykluczeniem spo\u0142ecznym.<\/li>\n\n\n\n<li>Dzia\u0142alno\u015b\u0107 charytatywna.<\/li>\n\n\n\n<li>Dzia\u0142alno\u015b\u0107 na rzecz os\u00f3b niepe\u0142nosprawnych.<\/li>\n\n\n\n<li>Dzia\u0142alno\u015b\u0107 na rzecz os\u00f3b starszych.<\/li>\n\n\n\n<li>Promocja zatrudnienia i aktywizacja zawodowa os\u00f3b pozostaj\u0105cych bez pracy i zagro\u017conych zwolnieniem z pracy.<\/li>\n\n\n\n<li>Dzia\u0142alno\u015b\u0107 na rzecz dzieci i m\u0142odzie\u017cy, w tym wypoczynku dzieci i m\u0142odzie\u017cy.<\/li>\n\n\n\n<li>Promocja i organizacja wolontariatu.<\/li>\n<\/ul>\n\n\n\n<p class=\"has-text-align-left\">Wi\u0119cej o naszej dzia\u0142alno\u015bci oraz celach statutowych przeczytasz w do\u0142\u0105czonym pliku.<br><\/p>\n\n\n\n<div data-wp-interactive=\"core\/file\" class=\"wp-block-file aligncenter\"><object data-wp-bind--hidden=\"!state.hasPdfPreview\" hidden class=\"wp-block-file__embed\" data=\"https:\/\/dps-strumien.pl\/wp-content\/uploads\/2023\/02\/STATUT-FUNDACJI-ZOSTAN-ANIOLEM-.pdf\" type=\"application\/pdf\" style=\"width:100%;height:419px\" aria-label=\"Osadzone z STATUT-FUNDACJI-ZOSTAN-ANIOLEM-.\"><\/object><a id=\"wp-block-file--media-1db95b25-1bd8-4ee0-80da-a0a6aff8d843\" href=\"https:\/\/dps-strumien.pl\/wp-content\/uploads\/2023\/02\/STATUT-FUNDACJI-ZOSTAN-ANIOLEM-.pdf\">STATUT-FUNDACJI-ZOSTAN-ANIOLEM-<\/a><a href=\"https:\/\/dps-strumien.pl\/wp-content\/uploads\/2023\/02\/STATUT-FUNDACJI-ZOSTAN-ANIOLEM-.pdf\" class=\"wp-block-file__button wp-element-button\" download aria-describedby=\"wp-block-file--media-1db95b25-1bd8-4ee0-80da-a0a6aff8d843\">Pobierz<\/a><\/div>\n\n\n\n<p><\/p>\n\n\n\n<p><\/p>\n\n\n\n<p class=\"has-text-align-center\"><strong>Ludzie Fundacji<\/strong><br>Fundator \u2013 Ewelina Ko\u015bciuszko \u2013 Wiaterek<\/p>\n\n\n\n<p class=\"has-text-align-center\"><strong>Zarz\u0105d:<\/strong><br>Dyrektor Fundacji: Anna S\u0142awi\u0144ska<br>Rada Fundacji \u2013 Ma\u0142gorzata Marek, Aleksandra Broda oraz Ewelina Ko\u015bciuszko \u2013 Wiaterek.<\/p>\n\n\n\n<p class=\"has-text-align-center\">W dzia\u0142alno\u015b\u0107 Fundacji zaanga\u017cowani s\u0105 r\u00f3wnie\u017c wolontariusze \u2013 pracownicy DPS dla Dzieci w Strumieniu.<\/p>\n\n\n\n<p class=\"has-text-align-center\"><strong>Kontakt<\/strong><br>Adres: ul. 1 Maja 12, 43-246 Strumie\u0144<br>tel.: 660 544 415<br>e-mail: fundacja.zostananiolem@gmail.com<\/p>\n\n\n\n<p><\/p>\n\n\n\n<p class=\"has-text-align-center\"><strong>Adres do e-Dor\u0119cze\u0144: <\/strong>Fundacja \u201eZosta\u0144 Anio\u0142em\u201d AE:PL-34922-29749-TUTHJ-21<\/p>\n\n\n\n<p class=\"has-text-align-center\">NIP 5482730106<\/p>\n\n\n\n<p class=\"has-text-align-center\">Zach\u0119camy do dokonywania<br>wp\u0142at na nr rachunku bankowego<br>76 1050 1070 1000 0090 8088 6253<\/p>\n\n\n\n<p class=\"has-text-align-center\">tytu\u0142 przelewu: darowizna na cele statutowe<\/p>\n\n\n\n<p class=\"has-text-align-center\">Wszystkie dochody przeznaczane b\u0119d\u0105 na realizacj\u0119 cel\u00f3w statutowych.<\/p>\n\n\n\n<p>W naszej Fundacji wprowadzili\u015bmy Standardy Ochrony Ma\u0142oletnich oraz Os\u00f3b Szczeg\u00f3lnie Nara\u017conych <\/p>\n\n\n\n<div data-wp-interactive=\"core\/file\" class=\"wp-block-file\"><object data-wp-bind--hidden=\"!state.hasPdfPreview\" hidden class=\"wp-block-file__embed\" data=\"https:\/\/dps-strumien.pl\/wp-content\/uploads\/2026\/03\/Standardy-ochrony-maloletnich-FUNDACJA.pdf\" type=\"application\/pdf\" style=\"width:100%;height:455px\" aria-label=\"Osadzone z Standardy ochrony ma\u0142oletnich FUNDACJA.\"><\/object><a id=\"wp-block-file--media-605fa0cb-7340-4598-9462-a8619dc7c434\" href=\"https:\/\/dps-strumien.pl\/wp-content\/uploads\/2026\/03\/Standardy-ochrony-maloletnich-FUNDACJA.pdf\">Standardy ochrony ma\u0142oletnich FUNDACJA<\/a><a href=\"https:\/\/dps-strumien.pl\/wp-content\/uploads\/2026\/03\/Standardy-ochrony-maloletnich-FUNDACJA.pdf\" class=\"wp-block-file__button wp-element-button\" download aria-describedby=\"wp-block-file--media-605fa0cb-7340-4598-9462-a8619dc7c434\">Pobierz<\/a><\/div>\n\n\n\n<p>Nasz\u0105 bie\u017c\u0105c\u0105 dzia\u0142alno\u015b\u0107 mo\u017cna \u015bledzi\u0107 na: <\/p>\n\n\n\n<p><a href=\"https:\/\/www.facebook.com\/FundacjaZostanAniolem\" target=\"_blank\" rel=\"noreferrer noopener\">https:\/\/www.facebook.com\/FundacjaZostanAniolem  <\/a><\/p>\n\n\n\n<figure class=\"wp-block-embed is-type-video is-provider-youtube wp-block-embed-youtube wp-embed-aspect-4-3 wp-has-aspect-ratio\"><div class=\"wp-block-embed__wrapper\">\n<iframe loading=\"lazy\" title=\"1,5% Fundacja Zosta\u0144 Anio\u0142em\" width=\"640\" height=\"480\" src=\"https:\/\/www.youtube.com\/embed\/i7VIcBrJ07U?feature=oembed\" frameborder=\"0\" allow=\"accelerometer; autoplay; clipboard-write; encrypted-media; gyroscope; picture-in-picture; web-share\" referrerpolicy=\"strict-origin-when-cross-origin\" allowfullscreen><\/iframe>\n<\/div><\/figure>\n","protected":false},"excerpt":{"rendered":"<p>Fundacja \u201eZosta\u0144 Anio\u0142em\u201d powsta\u0142a w 2020 roku w Strumieniu z inicjatywy w\u0142adz i pracownik\u00f3w DPS dla Dzieci w Strumieniu. G\u0142\u00f3wne cele dzia\u0142alno\u015bci fundacji to m.in.: Wi\u0119cej o naszej dzia\u0142alno\u015bci oraz&#8230;<\/p>\n","protected":false},"author":1,"featured_media":0,"parent":0,"menu_order":0,"comment_status":"closed","ping_status":"closed","template":"","meta":{"ngg_post_thumbnail":0,"footnotes":""},"class_list":["post-24","page","type-page","status-publish","hentry"],"_links":{"self":[{"href":"https:\/\/dps-strumien.pl\/index.php\/wp-json\/wp\/v2\/pages\/24","targetHints":{"allow":["GET"]}}],"collection":[{"href":"https:\/\/dps-strumien.pl\/index.php\/wp-json\/wp\/v2\/pages"}],"about":[{"href":"https:\/\/dps-strumien.pl\/index.php\/wp-json\/wp\/v2\/types\/page"}],"author":[{"embeddable":true,"href":"https:\/\/dps-strumien.pl\/index.php\/wp-json\/wp\/v2\/users\/1"}],"replies":[{"embeddable":true,"href":"https:\/\/dps-strumien.pl\/index.php\/wp-json\/wp\/v2\/comments?post=24"}],"version-history":[{"count":14,"href":"https:\/\/dps-strumien.pl\/index.php\/wp-json\/wp\/v2\/pages\/24\/revisions"}],"predecessor-version":[{"id":13795,"href":"https:\/\/dps-strumien.pl\/index.php\/wp-json\/wp\/v2\/pages\/24\/revisions\/13795"}],"wp:attachment":[{"href":"https:\/\/dps-strumien.pl\/index.php\/wp-json\/wp\/v2\/media?parent=24"}],"curies":[{"name":"wp","href":"https:\/\/api.w.org\/{rel}","templated":true}]}}